= 5*z - 6*z. What is the hundreds digit of j(m)?
4
Suppose -4*c = 2*n - 56604, 3*c - 32048 - 81155 = -4*n. What is the thousands digit of n?
8
Suppose -255*a = -286*a + 113243. What is the tens digit of a?
5
What is the units digit of 277620/20 + 39 + 0 + 9?
9
Suppose -26459 = -82*p + 81*p. What is the tens digit of p?
5
Let m = 15080 - -2648. What is the ten thousands digit of m?
1
Let i = 1387 + -633. Let k = 939 - i. What is the units digit of k?
5
Let r be 2 + (6/27 - (-80)/(-36)). Suppose r = 2*u + 5*g - 2525, 0 = 4*u - 2*u - 2*g - 2560. What is the hundreds digit of u?
2
Let u = -22 + 27. Let f(w) = -12 + 2*w**2 + 1 + 3 + 15*w. What is the units digit of f(u)?
7
Let i = 3338 + 6824. What is the units digit of i?
2
Suppose 12*x + 15*x - 6*x - 111363 = 0. What is the tens digit of x?
0
Let h(w) = 4928*w**2 + 63*w - 113. What is the ten thousands digit of h(2)?
1
Let a(w) = 10*w**2 + 68*w - 789. What is the hundreds digit of a(26)?
7
Let t = 20 - 38. Let f = 16 + t. What is the units digit of (-75)/(-4 + f + -3 + 8)?
5
Suppose 3*x - 5347 = 5*c, -2*x - 4*c = -5*x + 5342. What is the thousands digit of x?
1
Let a = 34 + -32. Let k(d) = d**3 - d + 37 + 60 - d**2 - a*d**3. What is the tens digit of k(0)?
9
Suppose -4*w - v + 2673 = 0, 0 = 4*w - 7*v + 4*v - 2669. Suppose 2*p - f - w = 0, -5*f = -3*f - 8. What is the hundreds digit of p?
3
Suppose -121*q = 1031 - 4540. Let w = -162 + 287. Suppose -4*u + 5*r + 201 = 0, -4*r + q = -2*u + w. What is the units digit of u?
4
Suppose -8 = k + 4. Let h = -8 - k. Let u(j) = 2*j**2 + 6*j - 1. What is the units digit of u(h)?
5
Let c(v) be the third derivative of 95*v**6/12 + v**4/12 + v**3/3 + 4*v**2. Let n be c(-1). What is the tens digit of ((-6)/10)/(10/n)?
5
Let z(y) be the second derivative of y**5/20 + 2*y**4 + 11*y**3/6 + y**2/2 - 6*y - 5. What is the units digit of z(-23)?
7
Let g = 36228 - 18904. What is the units digit of g?
4
Let a(h) = 105*h**2 - 14*h - 11. Let k(o) = -70*o**2 + 9*o + 7. Let n(t) = -5*a(t) - 8*k(t). What is the hundreds digit of n(-3)?
3
Let u(h) = 4*h**2 - 9*h - 7. Let g(t) = -t**2 + 15*t + 10. Let n be g(15). Let c = n - 5. What is the tens digit of u(c)?
4
Let n = -329 + 332. Suppose -280 = -n*u + 227. What is the tens digit of u?
6
What is the ten thousands digit of 18614*28/26 + ((-1580)/(-130) - 12)?
2
Let b be ((18/(-12))/(9/(-60)))/(-1). Let d be 4/b + (-10386)/(-90). Let u = d + 66. What is the tens digit of u?
8
Suppose 36 - 120 = 21*g. Let u(r) = -24*r**3 - 3*r**2 + 6*r + 9. What is the units digit of u(g)?
3
Let y = 13814 - 6353. What is the thousands digit of y?
7
Suppose 11*i - 66714 = 22342. Suppose i = 19*x + 4*x. What is the hundreds digit of x?
3
Suppose -767*t + 774*t = 220997. What is the ten thousands digit of t?
3
Let s(o) = -o**3 + 79*o**2 + 130*o + 92. What is the ten thousands digit of s(77)?
2
Suppose -9*v = -v - 32. Suppose -2*s + v*u - 65 + 1575 = 0, -5*s - 4*u + 3705 = 0. What is the units digit of s?
5
Let g = -2277 + 69427. What is the ten thousands digit of g?
6
Let p(q) = 20*q**3 - 2*q**2 - 5*q - 1. Let t be p(3). Suppose a - 4*s = -s + t, -4*s - 501 = -a. What is the tens digit of a?
2
Let t be 121 - 1/((-3)/(4 - -2)). Suppose -u - t = -4*l, 4*u + 2*l = -208 - 320. What is the units digit of 36/24 + u/(-2)?
7
Suppose -162 = -21*p + 23*p. Let x be 126/p - (-8)/(-18). What is the units digit of (-7 + 12)*(x/(-2))/1?
5
Suppose -16 = -9*l + 7*l. Suppose -9*i - l = -35. Suppose r - 171 = -r - y, -3 = -i*y. What is the units digit of r?
5
Suppose -4*y + 5*u = -36105 - 58997, -3*u = 18. What is the hundreds digit of y?
7
Suppose -9*r + 24 = -r. Suppose -833 = -4*w - 4*o + 7*o, -3 = -r*o. Let u = w + -59. What is the tens digit of u?
5
Let y = -207 + 212. Let a(d) be the second derivative of d**5/10 - d**4/4 - d**3 - d**2/2 + 6*d. What is the hundreds digit of a(y)?
1
Let h = 669 + -53. What is the tens digit of h?
1
Let j(b) be the second derivative of b**5/20 + 17*b**4/12 - 20*b**3/3 + 19*b**2/2 + 26*b. What is the hundreds digit of j(-12)?
2
Let o(y) = 6*y**2 + 57*y - 449. What is the tens digit of o(56)?
5
Let m(i) be the third derivative of -i**5/30 + 11*i**4/8 - i**3/2 + 14*i**2. What is the tens digit of m(15)?
4
Let x(a) = 5*a - 10. Let i(h) = h**3 + 2*h**2 - 2. Let b be i(-2). Let f be -5*(-22)/(-20)*b. What is the units digit of x(f)?
5
Let l(x) = -x**2 - x. Let r be l(0). Suppose r = -3*k - 0*y - y + 59, -5*y = 3*k - 67. Let d = 66 - k. What is the tens digit of d?
4
Suppose d = 3*s + 14183, s = 27*d - 32*d + 70931. What is the tens digit of d?
8
Suppose 26*q - 589746 = -257567 + 567265. What is the ten thousands digit of q?
3
Suppose 2 = -5*b - 18, -5*u + 4*b - 44 = 0. Let k be 8 - u/(-5 - -2). What is the units digit of 3/k - (-4428)/48?
3
Let k be (2 - (-1 + 0))/(14 + -13). Suppose k*w + 1006 = 4*b + 4174, 0 = -w + 5*b + 1056. What is the tens digit of w?
5
Suppose 14464 = 6*n - 1367 - 29001. What is the hundreds digit of n?
4
Suppose h = 2*n - 164, 5*n + 5*h - 176 = 3*n. Suppose -5*c = -4*v + v - 116, -3*c = 4*v + 116. Let b = v + n. What is the tens digit of b?
5
Suppose 4*t - 12 = 0, 2*t - 20 = -5*i + 21. Suppose 10*w + 4*n = i*w + 1471, 2*w + n = 984. What is the hundreds digit of w?
4
Let r = -302 + 558. Let j = r + -253. What is the units digit of j?
3
Let z be (32/(-6) - -6)*(115 - -2). Let r = z - -160. What is the hundreds digit of r?
2
Let n(i) = i**3 - 18*i**2 + 43*i + 12. Let q(g) = -g**3 + 18*g**2 - 43*g - 11. Let r(l) = -5*n(l) - 4*q(l). What is the tens digit of r(14)?
6
Let y(d) = 53*d + 98. Let p be y(-19). Let m = p - -1933. What is the units digit of m?
4
Let i = 202 + -199. Suppose -13*l + i*l = -4990. What is the hundreds digit of l?
4
Let o(z) = -z**3 - 13*z**2 - 37*z - 30. Let g(m) = m**2 - 26*m + 57. Let l be g(23). What is the units digit of o(l)?
0
Let r(i) = -149*i + 26903. What is the hundreds digit of r(0)?
9
Suppose 5*c - 476 = -d, 3*c - 18 = -4*d + 1886. What is the hundreds digit of d?
4
Suppose 0 = 2*t - 13*t + 3003. Suppose -270*c + t*c = 1299. What is the units digit of c?
3
Let q = 27034 + -13114. What is the units digit of q?
0
Let h(x) = -1094*x + 10. Let j be h(-7). Let d be 2/7 + (j/(-21))/4. Let o = d - -290. What is the tens digit of o?
9
Suppose -5158 = -31*x + 732. Suppose -195*s = -x*s - 3945. What is the units digit of s?
9
Suppose 7*y = 1964 - 1229. What is the tens digit of y?
0
Let p be (-17)/(-136)*(-3 - -11). What is the tens digit of (p + 1050/(-4))/(30/(-60))?
2
Suppose -4*x - 3*z - 15 = 0, 5*x = -z - 0*z - 27. Let n(d) = 3*d**2 - 12*d - 5. What is the units digit of n(x)?
5
What is the tens digit of (1295/2 + -6)/((-14)/(-756))?
4
Let q(v) = 17*v**2 - 116*v + 1062. What is the hundreds digit of q(64)?
2
Suppose 5*n - 4*n = -2*z - 2781, -3*n - 3 = 0. Let o = z - -2003. What is the hundreds digit of o?
6
Suppose -s + 3 = 0, -3*r + 110 + 1711 = -s. Suppose 0 = -2*q - 16 + r. What is the tens digit of q?
9
Suppose -2*x = 202 + 134. Let c = x - -187. What is the units digit of c?
9
Let p = 62100 + -32611. What is the tens digit of p?
8
Suppose -2*z = 4*o - 2642, 6*z - 5*o - 5232 = 2*z. Let w = -91 + z. What is the thousands digit of w?
1
Let f = -12309 + 25231. Suppose 0 = -19*z + 5*z + f. What is the hundreds digit of z?
9
Suppose 4*b - 7193 = 663. Let n = b - 138. What is the units digit of n?
6
Suppose -7*a + 15 + 48 = 0. Let z(o) = -5 - 6*o + 5*o**2 + 6*o**2 - 4*o**2 - 5*o**2. What is the units digit of z(a)?
3
Let h be (-2)/7 - (-2416)/28. Suppose 2*q = -3*q + 3*j - 226, 4*q - 5*j = -173. Let m = q + h. What is the units digit of m?
9
Let q(x) = 17 - 4*x**3 + 3*x**3 + x**2 + 18*x + 15*x**2. Let i be q(17). Let y = i + -12. What is the units digit of y?
2
Let i be (0 - -45)*6/(-5). Let j be (0 - i/5)/((-1)/5). Let x = j + 60. What is the units digit of x?
6
Let w(f) = 2 - 28 + 129*f**2 + 7 + 19*f + 51 + 13*f. What is the tens digit of w(-1)?
2
Suppose n - 23 = -20. What is the tens digit of (1/1)/(n/447)?
4
Let k = 74 + -70. Suppose -20*f - k*f = -22608. What is the units digit of f?
2
Suppose h - w = -0 + 6, 3*h - 8 = w. Suppose -15*s = -59 - h. Suppose u = -o - s, -4*o = u - 0*u + 1. What is the units digit of o?
1
Let k = 11616 + 2210. What is the thousands digit of k?
3
Suppos